*z - 113 = 5*u, 3*u - 96 = 7*u + 4*z. Let n = 32 + u. What is the remainder when 26 is divided by n?
8
Suppose -2*j + 8 = 0, i - 3*i - 5*j = 96. Suppose 3*w = -42 - 255. Let r = i - w. What is the remainder when r is divided by 21?
20
Suppose -4*x + 3 = -4*u - 1, u + 4*x = 19. Let c = -53 + 65. Calculate the remainder when c is divided by u.
0
Suppose 4*c + 9 = -3*m + 101, c - 53 = -2*m. What is the remainder when m is divided by 14?
10
Let l(n) = -8*n**2 + n**3 + 2*n**2 - 5 + 3*n + 3*n. Let r = -86 + 92. What is the remainder when l(r) is divided by 8?
7
Suppose 0 = -3*w - 3, 4 = u - 5*w - 4. Suppose 0*z + z + u*g = 10, 0 = 5*g + 10. Calculate the remainder when 47 is divided by z.
15
Let a(y) = y**3 + 3*y**2 - 11*y - 5. Let t be a(-5). Suppose -5*p + 4*p = 5*d - 137, -3*p + 4*d + 373 = t. Calculate the remainder when p is divided by 64.
63
Let a = 1778 - 1660. Calculate the remainder when a is divided by 14.
6
Suppose 3*z = 7*z - 12. Suppose -8 = -z*s + 19. Suppose s - 179 = -5*h. What is the remainder when h is divided by 9?
7
Let f = 56 + -22. Calculate the remainder when f is divided by (-984)/(-168) + 1/7.
4
Suppose 4*r + 103 = 4*m + 11, 5*r = 0. What is the remainder when 152 is divided by m?
14
Let h(q) = q - 5. Calculate the remainder when h(15) is divided by 6/4*(-2)/(-1).
1
Suppose -2*d + d = 7. Let a = d - -9. What is the remainder when 394/4 + 1/a is divided by 25?
24
Let f = 101 - 195. Let m be (-50)/(-10)*f/(-5). Let r = m - 11. Calculate the remainder when r is divided by 28.
27
Suppose 26 = k + d, 2471*k - 2476*k = 4*d - 133. Calculate the remainder when 1*-1 - (-83 + 0) is divided by k.
24
Let a = -82 - -110. Calculate the remainder when 78 is divided by a.
22
Suppose -53 - 682 = -5*h. Calculate the remainder when h is divided by 37.
36
Suppose 3*n + 22 = 5*n + 5*p, 0 = -2*n + 3*p + 38. Let u = 22 - n. What is the remainder when u - (-2)/(-4)*6 is divided by 2?
1
Suppose 0 = 4*o + 19 - 343. What is the remainder when o is divided by 19?
5
Suppose 2*q - 5 = -1. Suppose 3*a + 30 = q*z, a = 3*a. Let x(k) = 3*k**2 - 2*k + 3. What is the remainder when x(-4) is divided by z?
14
Let n(a) = a**3 + 18*a**2 - 13*a + 68. Calculate the remainder when n(-18) is divided by 19.
17
Suppose 3*s - 31 - 15 = -l, -5*s + 330 = 8*l. What is the remainder when l is divided by ((-11)/4)/((-2)/8)?
7
Suppose 13 = i - 3*j, 18*j = 5*i + 23*j - 105. Calculate the remainder when 261 is divided by i.
14
Let n(i) = i**3 - 15*i**2 - 10*i + 13. Suppose 0 = 3*r - 18 - 30. What is the remainder when n(r) is divided by 28?
25
Suppose -6 = -3*p - 0*p. Suppose 0*g = p*g - 10. Suppose -85*x = -89*x + 12. What is the remainder when g is divided by x?
2
Suppose 351*j - 354*j + 1230 = 0. Calculate the remainder when j is divided by 59.
56
Let u(h) = 2*h**3 - 13*h**2 - 10*h + 20. Let q be u(7). Let i(j) = -9*j - 5 + 2 + 2. What is the remainder when 37 is divided by i(q)?
5
Let y(c) = -15*c + 584. Calculate the remainder when 1704 is divided by y(38).
10
Let z(y) = 4*y**2 - 5*y - 6. Let g be z(-2). Suppose -q = q - g. Let w(c) = 5*c - 1. Calculate the remainder when w(8) is divided by q.
9
Let a = -10 - -12. Let b(p) = 9*p**2 - p**3 + 2 - 5*p - 4*p**2 + 0*p**a + p. What is the remainder when 30 is divided by b(3)?
6
Suppose -9 = -12*a + 39. What is the remainder when a is divided by 4?
0
Let o(z) = z + 19. Let b be o(-14). Suppose 0 = -c + b*d + 4, -3 - 1 = -c - 2*d. Calculate the remainder when 15 is divided by c.
3
Let i be -4 - (-7 + 6/(-2)). Suppose -201 = -i*l + 3*l. Calculate the remainder when l is divided by 1/(-2)*-46*1.
21
Let f(h) = h**3 + 6*h**2 - 3*h - 9. Let c be f(-6). Suppose c = z - 4. What is the remainder when 46 is divided by z?
7
Suppose 5*f - 522 = -4*s, 3*s + 322 = 3*f + s. Let t = 49 - f. What is the remainder when (t/(-4))/(1/4) is divided by 20?
17
Suppose 0 = 4*h + 3*r - 495, -415 - 75 = -4*h - 2*r. What is the remainder when h is divided by 61?
59
Calculate the remainder when (-2)/(-9) - 2320/(-90) is divided by 6.
2
Let f(l) = 2*l**2 + 21*l + 12. Let h be f(-10). Suppose -150 = -3*y + 5*c, 0 = h*y - y - 2*c - 51. What is the remainder when y is divided by 12?
9
Let y = -2 + -25. Let j = y - -12. Let i = 23 + j. What is the remainder when 21 is divided by i?
5
Suppose -37*u = -15*u - 1694. What is the remainder when u is divided by 9?
5
Let g(x) = -20*x + 9. What is the remainder when 107 is divided by g(0)?
8
Suppose 0 = -t - 3*s + 11, -3*s + 5*s - 4 = t. Calculate the remainder when 18 is divided by t - (0 + (-9 - -3)).
2
Suppose -2*n + 4*a - 4 = 5*a, -5 = 3*n + 2*a. Let r = 23 + n. Calculate the remainder when 30 is divided by r.
10
Let m = 38 + -33. Suppose -m*j + 113 = 2*k + 2*k, -5*j = 15. What is the remainder when k is divided by (1/(-2))/((-3)/102)?
15
Let x be (-9)/(-15) + (-501)/(-15). Let r = x + -24. Calculate the remainder when r is divided by 4.
2
Let w be (-58)/1 + (-12)/4. Let b = -52 - w. What is the remainder when b is divided by 4?
1
Let k(q) = q**2 - 3*q - 2. Let d be k(4). Calculate the remainder when -4*(-5)/d*1 is divided by (-80)/(-14) + 34/119.
4
Let z = -3 + 7. Suppose 0 = 3*w + 3*l + 114, -w - 2*w + 2*l = 109. Let y = w + 40. Calculate the remainder when z is divided by y.
1
Let d = -174 - -252. Calculate the remainder when 309 is divided by d.
75
What is the remainder when 30/(-25) - (-2966)/5 is divided by 18?
16
Suppose 0 = -5*p - 2*z + 72, 0 = 5*p + 94*z - 96*z - 68. Suppose 5*x = -4*m + 6, -2*x = -4*m + 28 - 8. Calculate the remainder when p is divided by m.
2
Let x(h) = -h**3 + 6*h**2 - 2*h + 8. Let g be x(6). Let p be (-19)/(-1) - (4 + g). Suppose -2 = l - p. What is the remainder when 50 is divided by l?
16
Suppose 89 - 2806 = -13*u. Calculate the remainder when u is divided by 30.
29
Suppose 204 = z - k, -10*k + 9 = -7*k. Calculate the remainder when z is divided by 30.
27
Let z = -10 + -28. Let u = z - -87. Calculate the remainder when u is divided by 2/(0 - 2/(-13)).
10
Suppose 16 = 2*w + 8, -4*f + 2784 = -5*w. Calculate the remainder when f is divided by 27.
26
Let i = -26 - -36. Suppose -a + i = -w, -5 = -2*a - 0*a - w. Suppose -118*j = -174*j + 1008. Calculate the remainder when j is divided by a.
3
Let a be -3*((-28)/6 - -3). Calculate the remainder when 56 is divided by (35 - a)*1/2.
11
Let w(f) = f - 1. Let u(s) = 4*s - 6. Let x(g) = -u(g) + 5*w(g). Let p be x(-1). Suppose p = 3*d - 33 + 9. What is the remainder when 14 is divided by d?
6
Suppose -5*o = 2*a - 99, -7*a - o = -9*a + 81. Calculate the remainder when a is divided by 26.
16
Suppose -18 = 4*u - 3*u - 5*n, -2*n + 4 = -2*u. Suppose -9*b = -4*b + i - 575, -u*i = 4*b - 466. Calculate the remainder when b is divided by 39.
36
Let m = -67 - -69. What is the remainder when 57 is divided by 21 + (0 - 2/4*m)?
17
Calculate the remainder when 64 is divided by ((-33)/2)/((-3)/4).
20
Suppose 0*r - 8 = -2*r - i, 4*r - 24 = -4*i. Suppose f - l - 12 = r*l, -3*f + 84 = 3*l. What is the remainder when 71 is divided by f?
23
Suppose 5*x - 5 = 0, 7*b - 10*b - 2*x = -53. Suppose -3*p = 9, 4*p + 43 = 4*n + 3*p. What is the remainder when b is divided by n?
7
Let t(l) = 6*l**2 - 23*l + 52. Calculate the remainder when 251 is divided by t(3).
29
Let m(u) = -u**2 - 7*u - 13. Let v be m(-3). Calculate the remainder when (-3)/9*(-117)/((-1)/v) is divided by 12.
3
Suppose -4*i + 3*i + 13 = 5*q, 5*q = -5. What is the remainder when 177 is divided by i?
15
Let h = 1203 + -1731. Let g be (-4)/26 + h/(-52). Calculate the remainder when 11 is divided by 17/5 - 4/g.
2
Let y(k) = -k**3 + 13*k**2 + 16*k + 13. Calculate the remainder when y(14) is divided by 20.
1
Let j = -2905 + 2944. Let y(o) = 2*o**3 - o**2 - o. Let r(w) = w**2 + 3*w + 2. Let q be r(-3). Calculate the remainder when j is divided by y(q).
9
Let r = -8 - -15. What is the remainder when (((-33)/(-22))/3)/(1/40) is divided by r?
6
Suppose -300 = -5*a - 5*f, 3*f + 124 = 2*a + 6*f. Suppose -2*x - 5*g + 25 = 0, 4*x - 27 = 2*x - 3*g. Calculate the remainder when a is divided by x.
11
Suppose 0 = 4*h + 5*b - 2168, -16*b + 2168 = 4*h - 21*b. Calculate the remainder when h is divided by 32.
30
Let f(h) = -5*h + 9. Suppose -23 = -m - 0*m. Suppose -5*g + 14 = -3*g - 5*u, -g - m = 5*u. Calculate the remainder w